{"id":88,"date":"2025-08-05T10:29:42","date_gmt":"2025-08-05T08:29:42","guid":{"rendered":"https:\/\/tiszacsegeifahaz.hu\/?page_id=88"},"modified":"2025-08-06T13:29:06","modified_gmt":"2025-08-06T11:29:06","slug":"kornyek-galeria","status":"publish","type":"page","link":"https:\/\/tiszacsegeifahaz.hu\/?page_id=88","title":{"rendered":"K\u00f6rny\u00e9k"},"content":{"rendered":"<p>[et_pb_section fb_built=&#8221;1&#8243; admin_label=&#8221;Hero Section&#8221; _builder_version=&#8221;4.27.4&#8243; use_background_color_gradient=&#8221;on&#8221; background_color_gradient_stops=&#8221;rgba(0,0,0,0.5) 0%|rgba(0,0,0,0) 100%&#8221; background_color_gradient_start=&#8221;rgba(0,0,0,0.5)&#8221; background_color_gradient_end=&#8221;rgba(0,0,0,0)&#8221; background_image=&#8221;https:\/\/tiszacsegeifahaz.hu\/wp-content\/uploads\/2025\/08\/viber_kep_2025-07-23_19-38-49-268.jpg&#8221; background_position=&#8221;center_left&#8221; background_horizontal_offset=&#8221;1%&#8221; background_repeat=&#8221;repeat&#8221; custom_margin=&#8221;|||&#8221; custom_padding=&#8221;8%||16.6%|||&#8221; global_colors_info=&#8221;{}&#8221;][\/et_pb_section][et_pb_section fb_built=&#8221;1&#8243; admin_label=&#8221;Gallery Section&#8221; _builder_version=&#8221;4.16&#8243; custom_margin=&#8221;4px|||||&#8221; custom_padding=&#8221;4px||120px|||&#8221; global_colors_info=&#8221;{}&#8221;][et_pb_row _builder_version=&#8221;4.16&#8243; global_colors_info=&#8221;{}&#8221;][et_pb_column type=&#8221;4_4&#8243; _builder_version=&#8221;4.16&#8243; custom_padding=&#8221;|||&#8221; global_colors_info=&#8221;{}&#8221; custom_padding__hover=&#8221;|||&#8221;][et_pb_text _builder_version=&#8221;4.27.4&#8243; _module_preset=&#8221;default&#8221; header_font_size=&#8221;55px&#8221; global_colors_info=&#8221;{}&#8221;]<\/p>\n<h1 style=\"text-align: center;\"><strong>K\u00f6rny\u00e9k<\/strong><\/h1>\n<h2 style=\"text-align: center;\">Tekintsd meg a k\u00f6rny\u00e9ket!<\/h2>\n<p>[\/et_pb_text][\/et_pb_column][\/et_pb_row][et_pb_row _builder_version=&#8221;4.27.4&#8243; _module_preset=&#8221;default&#8221; global_colors_info=&#8221;{}&#8221;][et_pb_column type=&#8221;4_4&#8243; _builder_version=&#8221;4.27.4&#8243; _module_preset=&#8221;default&#8221; global_colors_info=&#8221;{}&#8221;][et_pb_text _builder_version=&#8221;4.27.4&#8243; _module_preset=&#8221;default&#8221; global_colors_info=&#8221;{}&#8221;]<\/p>\n<h2 style=\"text-align: left;\"><strong>Tiszacsege\u00a0<\/strong><\/h2>\n<p>[\/et_pb_text][\/et_pb_column][\/et_pb_row][et_pb_row column_structure=&#8221;1_3,1_3,1_3&#8243; use_custom_gutter=&#8221;on&#8221; gutter_width=&#8221;2&#8243; _builder_version=&#8221;4.27.4&#8243; max_width=&#8221;1440px&#8221; custom_padding=&#8221;5px|||&#8221; use_custom_width=&#8221;on&#8221; custom_width_px=&#8221;1440px&#8221; global_colors_info=&#8221;{}&#8221;][et_pb_column type=&#8221;1_3&#8243; _builder_version=&#8221;4.16&#8243; custom_padding=&#8221;|||&#8221; global_colors_info=&#8221;{}&#8221; custom_padding__hover=&#8221;|||&#8221;][et_pb_image src=&#8221;https:\/\/tiszacsegeifahaz.hu\/wp-content\/uploads\/2025\/07\/viber_kep_2025-07-21_15-04-14-177.jpg&#8221; alt=&#8221;tiszacsege fah\u00e1z kiad\u00f3&#8221; title_text=&#8221;viber_k\u00e9p_2025-07-21_15-04-14-177&#8243; show_in_lightbox=&#8221;on&#8221; force_fullwidth=&#8221;on&#8221; align_tablet=&#8221;center&#8221; align_phone=&#8221;center&#8221; align_last_edited=&#8221;on|desktop&#8221; _builder_version=&#8221;4.27.4&#8243; animation_style=&#8221;slide&#8221; animation_direction=&#8221;left&#8221; animation_intensity_slide=&#8221;5%&#8221; animation_starting_opacity=&#8221;100%&#8221; locked=&#8221;off&#8221; global_colors_info=&#8221;{}&#8221;][\/et_pb_image][et_pb_image src=&#8221;https:\/\/tiszacsegeifahaz.hu\/wp-content\/uploads\/2025\/08\/viber_kep_2025-07-23_19-38-48-915.jpg&#8221; alt=&#8221;strand&#8221; title_text=&#8221;viber_k\u00e9p_2025-07-23_19-38-48-915&#8243; _builder_version=&#8221;4.27.4&#8243; _module_preset=&#8221;default&#8221; global_colors_info=&#8221;{}&#8221;][\/et_pb_image][et_pb_image src=&#8221;https:\/\/tiszacsegeifahaz.hu\/wp-content\/uploads\/2025\/08\/viber_kep_2025-07-23_19-38-49-962.jpg&#8221; alt=&#8221;Tisza&#8221; title_text=&#8221;viber_k\u00e9p_2025-07-23_19-38-49-962&#8243; _builder_version=&#8221;4.27.4&#8243; _module_preset=&#8221;default&#8221; global_colors_info=&#8221;{}&#8221;][\/et_pb_image][et_pb_image src=&#8221;https:\/\/tiszacsegeifahaz.hu\/wp-content\/uploads\/2025\/08\/viber_kep_2025-08-06_13-12-15-233.jpg&#8221; _builder_version=&#8221;4.27.4&#8243; _module_preset=&#8221;default&#8221; alt=&#8221;strand&#8221; title_text=&#8221;viber_k\u00e9p_2025-08-06_13-12-15-233&#8243; hover_enabled=&#8221;0&#8243; sticky_enabled=&#8221;0&#8243;][\/et_pb_image][et_pb_image src=&#8221;https:\/\/tiszacsegeifahaz.hu\/wp-content\/uploads\/2025\/08\/viber_kep_2025-08-06_13-12-58-792.jpg&#8221; _builder_version=&#8221;4.27.4&#8243; _module_preset=&#8221;default&#8221; alt=&#8221;\u00e9tel&#8221; title_text=&#8221;viber_k\u00e9p_2025-08-06_13-12-58-792&#8243; hover_enabled=&#8221;0&#8243; sticky_enabled=&#8221;0&#8243;][\/et_pb_image][\/et_pb_column][et_pb_column type=&#8221;1_3&#8243; _builder_version=&#8221;4.16&#8243; custom_padding=&#8221;|||&#8221; global_colors_info=&#8221;{}&#8221; custom_padding__hover=&#8221;|||&#8221;][et_pb_image src=&#8221;https:\/\/tiszacsegeifahaz.hu\/wp-content\/uploads\/2025\/08\/viber_kep_2025-07-23_19-38-48-602.jpg&#8221; title_text=&#8221;viber_k\u00e9p_2025-07-23_19-38-48-602&#8243; show_in_lightbox=&#8221;on&#8221; force_fullwidth=&#8221;on&#8221; align_tablet=&#8221;center&#8221; align_phone=&#8221;center&#8221; align_last_edited=&#8221;on|desktop&#8221; _builder_version=&#8221;4.27.4&#8243; animation_style=&#8221;slide&#8221; animation_direction=&#8221;right&#8221; animation_intensity_slide=&#8221;5%&#8221; animation_starting_opacity=&#8221;100%&#8221; locked=&#8221;off&#8221; global_colors_info=&#8221;{}&#8221;][\/et_pb_image][et_pb_image src=&#8221;https:\/\/tiszacsegeifahaz.hu\/wp-content\/uploads\/2025\/08\/viber_kep_2025-07-23_19-38-49-268.jpg&#8221; alt=&#8221;t\u00e1j&#8221; title_text=&#8221;viber_k\u00e9p_2025-07-23_19-38-49-268&#8243; _builder_version=&#8221;4.27.4&#8243; _module_preset=&#8221;default&#8221; global_colors_info=&#8221;{}&#8221;][\/et_pb_image][et_pb_image src=&#8221;https:\/\/tiszacsegeifahaz.hu\/wp-content\/uploads\/2025\/08\/viber_kep_2025-07-23_19-38-49-090.jpg&#8221; alt=&#8221;kik\u00f6t\u0151&#8221; title_text=&#8221;viber_k\u00e9p_2025-07-23_19-38-49-090&#8243; _builder_version=&#8221;4.27.4&#8243; _module_preset=&#8221;default&#8221; global_colors_info=&#8221;{}&#8221;][\/et_pb_image][et_pb_image src=&#8221;https:\/\/tiszacsegeifahaz.hu\/wp-content\/uploads\/2025\/08\/viber_kep_2025-08-06_13-12-24-914.jpg&#8221; _builder_version=&#8221;4.27.4&#8243; _module_preset=&#8221;default&#8221; alt=&#8221;strand&#8221; title_text=&#8221;viber_k\u00e9p_2025-08-06_13-12-24-914&#8243; hover_enabled=&#8221;0&#8243; sticky_enabled=&#8221;0&#8243;][\/et_pb_image][et_pb_image src=&#8221;https:\/\/tiszacsegeifahaz.hu\/wp-content\/uploads\/2025\/08\/viber_kep_2025-08-06_13-13-08-905.jpg&#8221; _builder_version=&#8221;4.27.4&#8243; _module_preset=&#8221;default&#8221; alt=&#8221;\u00e9tel&#8221; title_text=&#8221;viber_k\u00e9p_2025-08-06_13-13-08-905&#8243; hover_enabled=&#8221;0&#8243; sticky_enabled=&#8221;0&#8243;][\/et_pb_image][\/et_pb_column][et_pb_column type=&#8221;1_3&#8243; _builder_version=&#8221;4.16&#8243; custom_padding=&#8221;|||&#8221; global_colors_info=&#8221;{}&#8221; custom_padding__hover=&#8221;|||&#8221;][et_pb_image src=&#8221;https:\/\/tiszacsegeifahaz.hu\/wp-content\/uploads\/2025\/08\/viber_kep_2025-07-23_19-38-49-440.jpg&#8221; alt=&#8221;Tisza&#8221; title_text=&#8221;viber_k\u00e9p_2025-07-23_19-38-49-440&#8243; show_in_lightbox=&#8221;on&#8221; force_fullwidth=&#8221;on&#8221; align_tablet=&#8221;center&#8221; align_phone=&#8221;center&#8221; align_last_edited=&#8221;on|desktop&#8221; _builder_version=&#8221;4.27.4&#8243; animation_style=&#8221;slide&#8221; animation_direction=&#8221;right&#8221; animation_intensity_slide=&#8221;5%&#8221; animation_starting_opacity=&#8221;100%&#8221; locked=&#8221;off&#8221; global_colors_info=&#8221;{}&#8221;][\/et_pb_image][et_pb_image src=&#8221;https:\/\/tiszacsegeifahaz.hu\/wp-content\/uploads\/2025\/08\/viber_kep_2025-07-23_19-38-49-619.jpg&#8221; alt=&#8221;kik\u00f6t\u0151&#8221; title_text=&#8221;viber_k\u00e9p_2025-07-23_19-38-49-619&#8243; _builder_version=&#8221;4.27.4&#8243; _module_preset=&#8221;default&#8221; global_colors_info=&#8221;{}&#8221;][\/et_pb_image][et_pb_image src=&#8221;https:\/\/tiszacsegeifahaz.hu\/wp-content\/uploads\/2025\/08\/viber_kep_2025-08-06_13-09-17-916.jpg&#8221; _builder_version=&#8221;4.27.4&#8243; _module_preset=&#8221;default&#8221; alt=&#8221;strand&#8221; title_text=&#8221;viber_k\u00e9p_2025-08-06_13-09-17-916&#8243; hover_enabled=&#8221;0&#8243; sticky_enabled=&#8221;0&#8243;][\/et_pb_image][et_pb_image src=&#8221;https:\/\/tiszacsegeifahaz.hu\/wp-content\/uploads\/2025\/08\/viber_kep_2025-08-06_13-09-41-056.jpg&#8221; _builder_version=&#8221;4.27.4&#8243; _module_preset=&#8221;default&#8221; alt=&#8221;strand&#8221; title_text=&#8221;viber_k\u00e9p_2025-08-06_13-09-41-056&#8243; hover_enabled=&#8221;0&#8243; sticky_enabled=&#8221;0&#8243;][\/et_pb_image][et_pb_image src=&#8221;https:\/\/tiszacsegeifahaz.hu\/wp-content\/uploads\/2025\/08\/viber_kep_2025-08-06_13-12-48-310.jpg&#8221; _builder_version=&#8221;4.27.4&#8243; _module_preset=&#8221;default&#8221; alt=&#8221;strand&#8221; title_text=&#8221;viber_k\u00e9p_2025-08-06_13-12-48-310&#8243; hover_enabled=&#8221;0&#8243; sticky_enabled=&#8221;0&#8243;][\/et_pb_image][et_pb_image src=&#8221;https:\/\/tiszacsegeifahaz.hu\/wp-content\/uploads\/2025\/08\/viber_kep_2025-08-06_13-13-37-158.jpg&#8221; _builder_version=&#8221;4.27.4&#8243; _module_preset=&#8221;default&#8221; alt=&#8221;csege&#8221; title_text=&#8221;viber_k\u00e9p_2025-08-06_13-13-37-158&#8243; hover_enabled=&#8221;0&#8243; sticky_enabled=&#8221;0&#8243;][\/et_pb_image][\/et_pb_column][\/et_pb_row][et_pb_row _builder_version=&#8221;4.27.4&#8243; _module_preset=&#8221;default&#8221; global_colors_info=&#8221;{}&#8221;][et_pb_column type=&#8221;4_4&#8243; _builder_version=&#8221;4.27.4&#8243; _module_preset=&#8221;default&#8221; global_colors_info=&#8221;{}&#8221;][et_pb_text _builder_version=&#8221;4.27.4&#8243; _module_preset=&#8221;default&#8221; global_colors_info=&#8221;{}&#8221;]<\/p>\n<h2><strong>Tiszaf\u00fcredi strand<\/strong><\/h2>\n<p>[\/et_pb_text][\/et_pb_column][\/et_pb_row][et_pb_row column_structure=&#8221;1_2,1_4,1_4&#8243; use_custom_gutter=&#8221;on&#8221; gutter_width=&#8221;2&#8243; _builder_version=&#8221;4.16&#8243; max_width=&#8221;1440px&#8221; use_custom_width=&#8221;on&#8221; custom_width_px=&#8221;1440px&#8221; global_colors_info=&#8221;{}&#8221;][et_pb_column type=&#8221;1_2&#8243; _builder_version=&#8221;4.16&#8243; custom_padding=&#8221;|||&#8221; global_colors_info=&#8221;{}&#8221; custom_padding__hover=&#8221;|||&#8221;][et_pb_image src=&#8221;https:\/\/tiszacsegeifahaz.hu\/wp-content\/uploads\/2025\/08\/viber_kep_2025-07-23_19-41-28-467.jpg&#8221; alt=&#8221;strand&#8221; title_text=&#8221;viber_k\u00e9p_2025-07-23_19-41-28-467&#8243; show_in_lightbox=&#8221;on&#8221; force_fullwidth=&#8221;on&#8221; align_tablet=&#8221;center&#8221; align_phone=&#8221;center&#8221; align_last_edited=&#8221;on|desktop&#8221; _builder_version=&#8221;4.27.4&#8243; animation_style=&#8221;slide&#8221; animation_direction=&#8221;left&#8221; animation_intensity_slide=&#8221;5%&#8221; animation_starting_opacity=&#8221;100%&#8221; global_colors_info=&#8221;{}&#8221;][\/et_pb_image][\/et_pb_column][et_pb_column type=&#8221;1_4&#8243; _builder_version=&#8221;4.16&#8243; custom_padding=&#8221;|||&#8221; global_colors_info=&#8221;{}&#8221; custom_padding__hover=&#8221;|||&#8221;][et_pb_image src=&#8221;https:\/\/tiszacsegeifahaz.hu\/wp-content\/uploads\/2025\/08\/viber_kep_2025-07-23_19-41-28-154.jpg&#8221; title_text=&#8221;viber_k\u00e9p_2025-07-23_19-41-28-154&#8243; show_in_lightbox=&#8221;on&#8221; force_fullwidth=&#8221;on&#8221; align_tablet=&#8221;center&#8221; align_phone=&#8221;center&#8221; align_last_edited=&#8221;on|desktop&#8221; _builder_version=&#8221;4.27.4&#8243; animation_style=&#8221;slide&#8221; animation_direction=&#8221;top&#8221; animation_intensity_slide=&#8221;5%&#8221; animation_starting_opacity=&#8221;100%&#8221; locked=&#8221;off&#8221; global_colors_info=&#8221;{}&#8221;][\/et_pb_image][et_pb_image src=&#8221;https:\/\/tiszacsegeifahaz.hu\/wp-content\/uploads\/2025\/08\/viber_kep_2025-07-23_19-41-28-842.jpg&#8221; title_text=&#8221;viber_k\u00e9p_2025-07-23_19-41-28-842&#8243; show_in_lightbox=&#8221;on&#8221; force_fullwidth=&#8221;on&#8221; align_tablet=&#8221;center&#8221; align_phone=&#8221;center&#8221; align_last_edited=&#8221;on|desktop&#8221; _builder_version=&#8221;4.27.4&#8243; custom_margin=&#8221;|||&#8221; custom_padding=&#8221;15px|||&#8221; animation_style=&#8221;slide&#8221; animation_intensity_slide=&#8221;5%&#8221; animation_starting_opacity=&#8221;100%&#8221; locked=&#8221;off&#8221; global_colors_info=&#8221;{}&#8221;][\/et_pb_image][et_pb_image src=&#8221;https:\/\/tiszacsegeifahaz.hu\/wp-content\/uploads\/2025\/08\/viber_kep_2025-07-23_19-41-28-656-1.jpg&#8221; alt=&#8221;strand&#8221; title_text=&#8221;viber_k\u00e9p_2025-07-23_19-41-28-656&#8243; _builder_version=&#8221;4.27.4&#8243; _module_preset=&#8221;default&#8221; global_colors_info=&#8221;{}&#8221;][\/et_pb_image][\/et_pb_column][et_pb_column type=&#8221;1_4&#8243; _builder_version=&#8221;4.16&#8243; custom_padding=&#8221;|||&#8221; global_colors_info=&#8221;{}&#8221; custom_padding__hover=&#8221;|||&#8221;][et_pb_image src=&#8221;https:\/\/tiszacsegeifahaz.hu\/wp-content\/uploads\/2025\/08\/viber_kep_2025-07-23_19-41-28-656-2.jpg&#8221; alt=&#8221;strand&#8221; title_text=&#8221;viber_k\u00e9p_2025-07-23_19-41-28-656&#8243; show_in_lightbox=&#8221;on&#8221; force_fullwidth=&#8221;on&#8221; align_tablet=&#8221;center&#8221; align_phone=&#8221;center&#8221; align_last_edited=&#8221;on|desktop&#8221; _builder_version=&#8221;4.27.4&#8243; animation_style=&#8221;slide&#8221; animation_direction=&#8221;right&#8221; animation_intensity_slide=&#8221;5%&#8221; animation_starting_opacity=&#8221;100%&#8221; locked=&#8221;off&#8221; global_colors_info=&#8221;{}&#8221;][\/et_pb_image][\/et_pb_column][\/et_pb_row][\/et_pb_section]<\/p>\n","protected":false},"excerpt":{"rendered":"<p>K\u00f6rny\u00e9k Tekintsd meg a k\u00f6rny\u00e9ket!Tiszacsege\u00a0Tiszaf\u00fcredi strand<\/p>\n","protected":false},"author":1,"featured_media":0,"parent":0,"menu_order":0,"comment_status":"closed","ping_status":"closed","template":"","meta":{"_et_pb_use_builder":"on","_et_pb_old_content":"","_et_gb_content_width":"","footnotes":""},"class_list":["post-88","page","type-page","status-publish","hentry"],"_links":{"self":[{"href":"https:\/\/tiszacsegeifahaz.hu\/index.php?rest_route=\/wp\/v2\/pages\/88","targetHints":{"allow":["GET"]}}],"collection":[{"href":"https:\/\/tiszacsegeifahaz.hu\/index.php?rest_route=\/wp\/v2\/pages"}],"about":[{"href":"https:\/\/tiszacsegeifahaz.hu\/index.php?rest_route=\/wp\/v2\/types\/page"}],"author":[{"embeddable":true,"href":"https:\/\/tiszacsegeifahaz.hu\/index.php?rest_route=\/wp\/v2\/users\/1"}],"replies":[{"embeddable":true,"href":"https:\/\/tiszacsegeifahaz.hu\/index.php?rest_route=%2Fwp%2Fv2%2Fcomments&post=88"}],"version-history":[{"count":6,"href":"https:\/\/tiszacsegeifahaz.hu\/index.php?rest_route=\/wp\/v2\/pages\/88\/revisions"}],"predecessor-version":[{"id":182,"href":"https:\/\/tiszacsegeifahaz.hu\/index.php?rest_route=\/wp\/v2\/pages\/88\/revisions\/182"}],"wp:attachment":[{"href":"https:\/\/tiszacsegeifahaz.hu\/index.php?rest_route=%2Fwp%2Fv2%2Fmedia&parent=88"}],"curies":[{"name":"wp","href":"https:\/\/api.w.org\/{rel}","templated":true}]}}